mainder when 450 is divided by 178.
94
Calculate the remainder when 4545 is divided by 242.
189
What is the remainder when 110099 is divided by 62?
49
What is the remainder when 33690 is divided by 117?
111
What is the remainder when 57538 is divided by 46?
38
What is the remainder when 30995 is divided by 204?
191
Calculate the remainder when 174630 is divided by 4.
2
Calculate the remainder when 21967 is divided by 1006.
841
Calculate the remainder when 1512 is divided by 1483.
29
What is the remainder when 47707 is divided by 239?
146
Calculate the remainder when 55451 is divided by 15.
11
What is the remainder when 10675 is divided by 87?
61
What is the remainder when 151739 is divided by 25287?
17
What is the remainder when 14513 is divided by 7253?
7
Calculate the remainder when 3936 is divided by 1279.
99
Calculate the remainder when 146129 is divided by 119.
116
Calculate the remainder when 4793 is divided by 2356.
81
What is the remainder when 850 is divided by 496?
354
What is the remainder when 52903 is divided by 8802?
91
What is the remainder when 2558 is divided by 421?
32
What is the remainder when 10856 is divided by 355?
206
What is the remainder when 29548 is divided by 29?
26
What is the remainder when 23479 is divided by 7774?
157
Calculate the remainder when 6179 is divided by 6.
5
Calculate the remainder when 9541 is divided by 1574.
97
Calculate the remainder when 300960 is divided by 300949.
11
Calculate the remainder when 152494 is divided by 2460.
2434
What is the remainder when 72956 is divided by 256?
252
What is the remainder when 179469 is divided by 179344?
125
Calculate the remainder when 5460 is divided by 13.
0
Calculate the remainder when 3687 is divided by 133.
96
What is the remainder when 4130 is divided by 362?
148
Calculate the remainder when 6675 is divided by 16.
3
Calculate the remainder when 3644 is divided by 1822.
0
Calculate the remainder when 2939 is divided by 43.
15
What is the remainder when 9268 is divided by 1147?
92
What is the remainder when 5298 is divided by 1059?
3
Calculate the remainder when 9376 is divided by 110.
26
Calculate the remainder when 11702 is divided by 33.
20
What is the remainder when 49432 is divided by 16397?
241
Calculate the remainder when 4371 is divided by 1039.
215
Calculate the remainder when 26224 is divided by 210.
184
What is the remainder when 176948 is divided by 88472?
4
Calculate the remainder when 3693 is divided by 1223.
24
What is the remainder when 10057 is divided by 35?
12
What is the remainder when 125587 is divided by 20929?
13
What is the remainder when 1769 is divided by 452?
413
Calculate the remainder when 2679 is divided by 21.
12
Calculate the remainder when 550810 is divided by 91801.
4
Calculate the remainder when 117727 is divided by 186.
175
What is the remainder when 16481 is divided by 1327?
557
What is the remainder when 14200 is divided by 7092?
16
What is the remainder when 4589 is divided by 18?
17
What is the remainder when 12389 is divided by 4097?
98
Calculate the remainder when 26204 is divided by 8725.
29
What is the remainder when 7450 is divided by 39?
1
What is the remainder when 1180560 is divided by 107323?
7
What is the remainder when 1938 is divided by 194?
192
What is the remainder when 1236 is divided by 1225?
11
Calculate the remainder when 113747 is divided by 517.
7
Calculate the remainder when 784 is divided by 69.
25
Calculate the remainder when 2393 is divided by 101.
70
What is the remainder when 20812 is divided by 712?
164
Calculate the remainder when 6531 is divided by 225.
6
What is the remainder when 40487 is divided by 5?
2
Calculate the remainder when 1127 is divided by 362.
41
What is the remainder when 12886 is divided by 18?
16
Calculate the remainder when 3894 is divided by 3307.
587
Calculate the remainder when 396860 is divided by 667.
662
Calculate the remainder when 10145 is divided by 421.
41
What is the remainder when 12648 is divided by 25?
23
Calculate the remainder when 127390 is divided by 745.
740
Calculate the remainder when 7611 is divided by 21.
9
Calculate the remainder when 303523 is divided by 122.
109
What is the remainder when 24593 is divided by 9?
5
Calculate the remainder when 349196 is divided by 174593.
10
Calculate the remainder when 91478 is divided by 30477.
47
What is the remainder when 91362 is divided by 13?
11
Calculate the remainder when 244 is divided by 94.
56
What is the remainder when 3629 is divided by 49?
3
Calculate the remainder when 2174 is divided by 994.
186
What is the remainder when 15848 is divided by 5227?
167
What is the remainder when 240835 is divided by 5124?
7
What is the remainder when 261952 is divided by 7?
5
Calculate the remainder when 1736 is divided by 382.
208
What is the remainder when 5483 is divided by 1066?
153
Calculate the remainder when 4169 is divided by 833.
4
Calculate the remainder when 17350 is divided by 17270.
80
Calculate the remainder when 77596 is divided by 55.
46
What is the remainder when 4310 is divided by 1311?
377
Calculate the remainder when 1000 is divided by 125.
0
Calculate the remainder when 21014 is divided by 1000.
14
What is the remainder when 2355 is divided by 1133?
89
What is the remainder when 2216 is divided by 21?
11
What is the remainder when 25690 is divided by 8555?
25
What is the remainder when 50292 is divided by 16595?
507
What is the remainder when 936873 is divided by 125?
123
What is the remainder when 1316 is divided by 266?
252
What is the remainder when 57114 is divided by 34?
28
Calculate the remainder when 249318 is divided by 7.
6
Calculate the remainder when 142401 is divided by 11.
6
Calculate the remainder when 423 is divided by 62.
51
What is the remainder when 4932 is divided by 2520?
2412
What is the remainder when 142021 is divided by 82?
79
Calculate the remainder when 644 is divided by 118.
54
Calculate the remainder when 10987 is divided by 92.
39
Calculate the remainder when 1609 is divided by 1599.
10
What is the remainder when 624662 is divided by 278?
274
Calculate the remainder when 233237 is divided by 421.
3
What is the remainder when 538859 is divided by 60?
59
What is the remainder when 27149849 is divided by 845?
844
What is the remainder when 910 is divided by 55?
30
Calculate the remainder when 1113770 is divided by 187.
185
Calculate the remainder when 48107 is divided by 12024.
11
What is the remainder when 13940 is divided by 330?
80
Calculate the remainder when 314943 is divided by 518.
517
Calculate the remainder when 399285 is divided by 362.
361
Calculate the remainder when 68769 is divided by 163.
146
Calculate the remainder when 72978 is divided by 249.
21
Calculate the remainder when 20951 is divided by 2327.
8
Calculate the remainder when 18119 is divided by 3618.
29
Calculate the remainder when 1656 is divided by 1.
0
Calculate the remainder when 522 is divided by 29.
0
What is the remainder when 50391 is divided by 3598?
19
What is the remainder when 313366 is divided by 112?
102
Calculate the remainder when 274705 is divided by 5606.
11
What is the remainder when 14604 is divided by 7145?
314
Calculate the remainder when 9441 is divided by 24.
9
What is the remainder when 6438 is divided by 17?
12
Calculate the remainder when 6568 is divided by 829.
765
Calculate the remainder when 4441 is divided by 30.
1
Calculate the remainder when 1047 is divided by 97.
77
Calculate the remainder when 6279 is divided by 1249.
34
Calculate the remainder when 8016 is divided by 669.
657
What is the remainder when 3949 is divided by 359?
0
What is the remainder when 1644474 is divided by 36?
30
What is the remainder when 4343 is divided by 2059?
225
Calculate the remainder when 14039 is divided by 216.
215
Calculate the remainder when 3456 is divided by 493.
5
What is the remainder when 13397 is divided by 96?
53
What is the remainder when 1076 is divided by 367?
342
Calculate the remainder when 18624747 is divided by 2375.
2372
What is the remainder when 11785 is divided by 90?
85
Calculate the remainder when 10959 is divided by 96.
15
What is the remainder when 185703 is divided by 48?
39
Calculate the remainder when 154 is divided by 118.
36
Calculate the remaind